d 215?
5
Suppose 4*l = 281 + 71. Let h be (6/3)/(4/264). What is the greatest common factor of l and h?
44
Let a be (189/35)/(-9) + 2016/60. Calculate the highest common factor of 561 and a.
33
Suppose 45*f = 44*f - 2*s + 726, 4*f = 2*s + 2844. What is the greatest common divisor of f and 510?
102
Let d = 7250 - 6920. Calculate the highest common divisor of 462 and d.
66
Suppose 158*p = 1030654 + 46116. Calculate the highest common divisor of 145 and p.
145
Let z(a) = 9*a - 65. Let i be z(21). Let g = i + -155. Let k be 76 + 0 - (g + 35). Calculate the greatest common factor of k and 18.
18
Let m be (-1)/(9590/(-3199) - -3). Let n = 633 + m. Let t(z) = -15*z**3 + z**2 - z - 1. Let x be t(-1). What is the highest common factor of x and n?
16
Let s be 8/(-84) - (1 - ((-195)/(-63) - -2)). Calculate the greatest common factor of s and 5652.
4
Let c = 15 - 13. Suppose -140 = -c*l + 5*y, 6*l = 5*l + y + 67. What is the highest common factor of 65 and l?
65
Suppose w - 13 = -9. Suppose -3*i = 4*o - 124, 2*i - i - w = 0. Suppose -79 = -2*t + 89. Calculate the greatest common divisor of o and t.
28
Let f = -27121 - -28023. What is the greatest common factor of 528 and f?
22
Let m(p) = 7*p**2 + 85*p + 13. Let g be m(-10). Let c = -61 - g. Let n = -70 + 184. Calculate the highest common factor of n and c.
38
Let k = 73 - 55. Let r(x) = -x**2 + 32*x + 52. Let m be r(k). Calculate the highest common divisor of 38 and m.
38
Suppose -25*b = 5*b - 3450. Suppose 5*v + 121 = 4*u, -b - 25 = -5*u + 4*v. Calculate the highest common factor of u and 204.
12
Let g = 7848 + -7807. Calculate the highest common factor of 2911 and g.
41
Suppose -251*s = -129*s - 415044. What is the highest common divisor of 72 and s?
18
Let k be 30/40 + 266/8 + 1. Let q = 85 - 71. What is the greatest common divisor of k and q?
7
Let k(i) = -4*i**3 - 44*i**2 - 23*i - 297. Let s be k(-17). Calculate the greatest common divisor of s and 570.
190
Let r(q) = 6*q**2 + 18*q + 85. Let h be r(-7). Let s = 259 - h. Let u = -8 + 12. What is the greatest common divisor of s and u?
2
Let m be 903/9 - ((-2)/(-18))/(11/33). Calculate the greatest common divisor of m and 7475.
25
Suppose -666*o - 320 = -671*o. Suppose 3*s - 5*j - 148 = 0, -s = -0*j - 5*j - 36. Calculate the highest common factor of s and o.
8
Let n(o) = -2*o**2 + 10*o + 5. Let c be n(5). Suppose 20 = -4*f, -u - c*f = 1 - 6. Let k = 10 - -5. Calculate the greatest common factor of k and u.
15
Suppose 68*r + 3691897 = 261*r. What is the greatest common divisor of 11 and r?
11
Let s(z) = 79*z**2 - 3*z + 1. Let d be s(1). Let m = -66 + d. What is the highest common divisor of 407 and m?
11
Suppose 4549042 = 143*a - 1928858. Calculate the greatest common divisor of 302 and a.
302
Suppose 3 = 4*j + 5*f, 5*j - f - 2*f - 13 = 0. Let p = 34 + -24. Suppose 0 = 2*a + p - 78. What is the highest common divisor of j and a?
2
Let o = -4348 - -4384. What is the greatest common divisor of o and 408?
12
Suppose 8*x + 1545 = -1895. Let g = -370 - x. What is the greatest common divisor of 12 and g?
12
Let s = -40 + 63. Suppose 0 = 15*d + s - 668. Calculate the highest common divisor of d and 1.
1
Let c(j) = -4*j + 19. Let a be c(0). Suppose 3*d - 1539 = -0*d. Calculate the highest common factor of d and a.
19
Suppose 2*h + z - 2350 = 3030, -4*h - z + 10756 = 0. What is the highest common divisor of 154 and h?
14
Suppose -2*k = -2*n - 150, -k + 0*n = 3*n - 83. Let z = k + -56. Suppose 3*w - z = -3*o, 24 + 20 = 5*w - 4*o. Calculate the greatest common divisor of w and 8.
8
Let n(y) = -y**2 + 29*y - 81. Let z be n(25). Let c(o) = -o**3 + 13*o**2 + 14*o - 16. Let r be c(11). What is the greatest common divisor of r and z?
19
Let r(s) = 5*s**2 + 23*s + 48. Let w be r(-11). What is the highest common factor of 1100 and w?
100
Let v(c) = 3*c - 117. Let y be v(-24). Let d be (y/(-81))/((-1)/(-81)). What is the greatest common factor of d and 14?
7
Let s(h) = 96*h + 7134. Let r be s(-74). Suppose -5*w - 7 = -2*f, -3*w = -2*w - 1. What is the highest common divisor of f and r?
6
Let i(u) = 5*u**2 - 253*u + 2048. Let s be i(8). Suppose 2*n + 32 = 6*n. Calculate the greatest common divisor of s and n.
8
Let u = 53830 - 53731. Let s(y) = 2*y**2 + 7*y - 8. Let l be s(-6). What is the greatest common factor of u and l?
11
Let w be 0*((-27)/9 - (-21)/6). Suppose 21*a + w*a = 7371. What is the highest common factor of a and 13?
13
Suppose 0 = 2*y + 3*q - 19, 16*y = 20*y - 3*q - 65. Suppose -3 = -2*w + 5. What is the highest common divisor of y and w?
2
Suppose -o + 10 = -4. Suppose 66*l = 10053 + 11199. Calculate the highest common divisor of o and l.
14
Suppose -2*m + 62 = 2*v, m - 5*v - 1 - 24 = 0. Suppose m*i = 39*i - 2655. What is the highest common divisor of 118 and i?
59
Suppose -17*o = -42*o + 3925. What is the greatest common factor of o and 2041?
157
Let p = 10251 + -7200. Calculate the greatest common divisor of p and 54.
27
Suppose 4*n = 4*d - 312, -3*d + 4*n - 2*n + 236 = 0. What is the greatest common divisor of d and 1440?
80
Suppose 0 = o + m - 1, 0 = -2*o - 2*o + 4*m + 44. Let n be ((-2)/o)/(-5 - (-370)/75). Calculate the highest common divisor of 20 and n.
5
Suppose 33 = -2*n + 129. Suppose 305*a - 166*a - 176*a + 4736 = 0. What is the greatest common divisor of a and n?
16
Let u = -2251 - -2431. Calculate the highest common factor of 3258 and u.
18
Let w(m) = m**2 + 2*m - 4. Let u be w(-6). Let r(g) = -2*g**2 - 229*g - 351. Let z be r(-113). Let q = u - z. Calculate the highest common divisor of 112 and q.
16
Let a(d) = 42*d + 5*d**2 + 4 + 2 + 18*d**3 - 9*d**3 + 0 - 10*d**3. Let t be a(-5). What is the greatest common factor of 23 and t?
23
Let z = -148 - -187. Suppose z*u = 30*u + 117. Calculate the greatest common factor of 351 and u.
13
Let i be (63/(-49))/(-7 + (-1320)/(-189)). Calculate the greatest common factor of i and 246.
3
Let v be (8 - 11)*(-2 + 0) - (-1061 - -11). Calculate the highest common factor of v and 104.
8
Let u(k) = 2*k**3 + 2*k**2 + 17*k + 54. Let f be u(8). What is the greatest common factor of f and 244?
122
Let i = 5354 - 5162. Let u = 35 + -84. Let c = i + u. Calculate the highest common divisor of 11 and c.
11
Suppose 0 = 21*z + 484 - 1492. Suppose -13 = -4*r + 11. What is the highest common factor of r and z?
6
Suppose 2*a - 3*d - 138 = -4*d, -207 = -3*a + 5*d. Let j = a - 45. Suppose -3*n + 21 + 27 = 0. What is the highest common factor of j and n?
8
Suppose -2*h = -2*g - 10, 15 = 3*h - g - 3*g. Suppose j = h - 2. Suppose 2*f + 6*m = 3*m + 9, 4*f + m - 33 = 0. What is the highest common divisor of j and f?
3
Suppose 87*w - 756 = -21*w. Calculate the highest common factor of 75 and w.
1
Suppose 3*c = 3*y - 6*y + 6, 0 = 2*c - 4*y - 4. Suppose 0 = -7*o + c + 5. Let t be (o/4)/((-20)/(-1040)). Calculate the greatest common factor of t and 104.
13
Suppose -2*h + 5*g + 34 + 23 = -21, 24 = -4*g. Let c be (-25)/1*(-1 - 23). Calculate the highest common factor of c and h.
24
Let r(s) = s**2 - 76*s + 91. Let h be r(79). Calculate the highest common factor of 12 and h.
4
Let y = 18103 - 11691. What is the highest common divisor of 28 and y?
28
Suppose -5*k = 2*q + 10, 11*q = 13*q + k + 10. Let d(h) = -58*h + 38. Let l be d(q). Calculate the highest common factor of 41 and l.
41
Let p = 2580 + -1493. Let y = -667 + p. Calculate the greatest common divisor of 120 and y.
60
Suppose -27*b - 1770 + 5922 = -2166. Let g(o) = o**2 + 8*o - 1. Let r be g(7). Calculate the greatest common factor of r and b.
26
Let r(a) = -251*a - 10. Let p be r(6). Let u = -988 - p. Suppose -u = -0*c - 4*c. Calculate the greatest common divisor of c and 88.
44
Let g = 378 + -363. Suppose -4*r + 71 = -3*c - 2, 0 = -3*c + g. What is the highest common divisor of r and 4?
2
Let r(w) = -w**3 + 21*w**2 - 34*w + 66. Let s be r(19). Let k = s - 105. Calculate the greatest common divisor of 296 and k.
37
Let p = 7 - 3. Let u be (p - 5)*1*-37. Let m be (259/21)/((-384)/(-126) - 3). Calculate the highest common factor of u and m.
37
Let b be (4134/(-156))/((-2)/4). Suppose b*m + 198 = 62*m. What is the highest common factor of 550 and m?
22
Let l be (-9)/(-1) - 1*(7 + -3). Let f(h) = h**2 - 7*h + 32. Let u be f(l). Calculate the highest common factor of 99 and u.
